).
-21
Let l(o) = -o**2 - 11*o + 11. Let p be l(1). Let m(k) = 4*k**3 + 1. Let y be m(p). Let d(w) = w**3 + 4*w**2 + 6*w + 7. What is d(y)?
-2
Let x(v) = -v**2 + v + 693. Let s be x(0). Let r be s/135 + 2/(-15). Let f(q) = q**2 - 6*q - 5. Let d(u) = u**2 + u - 1. Let o(l) = d(l) + f(l). Give o(r).
19
Let l = 75 - 73. Let q(y) = -l*y**2 - 704 + 702 + y**2. Suppose -2*t - 1 - 5 = 0. Determine q(t).
-11
Let l(h) = h**2 + 5*h - 53. Let m = -6182 - -6172. Give l(m).
-3
Let g = -61 + 63. Let h(n) = 0 + 2*n**2 + n**3 - g - 3*n - 2*n. Determine h(-3).
4
Let c(y) be the second derivative of -y**7/840 + y**6/30 - 11*y**5/120 - y**4/4 + 49*y**3/3 + y + 39. Let w(g) be the second derivative of c(g). Give w(11).
-6
Let q(c) = -7*c + 42. Let f = 834 - 826. What is q(f)?
-14
Let q(x) be the third derivative of -x**6/120 - x**5/10 + x**4/24 + 7*x**3/6 + 3*x**2 + 316*x. Determine q(-4).
-29
Let s be (-1)/(-10) - 14596/3560. Let t(m) = -4*m**2 - 23*m + 7. Determine t(s).
35
Let t(f) = 15*f + 1. Suppose -72 + 52 = -10*i. Let p be ((-14)/(-28))/(i/(-4)). Give t(p).
-14
Let j(h) be the first derivative of 0*h + 1/3*h**3 - 1/2*h**2 - h**4 + 134. Give j(1).
-4
Let x(u) = 2*u**2 - 2*u - 50. Suppose 6*p = 85*p - 5*p. Determine x(p).
-50
Let d(x) = -7*x**2 + 1. Let i be -6*30/315 + (-90)/(-35). What is d(i)?
-27
Let w be ((-6)/(-9))/((-2)/18). Let x(g) = 428*g - 7 - 225*g + 4 - 207*g. What is x(w)?
21
Suppose 3*y - 2*n - 16 = 0, -1 + 7 = y - n. Let k(j) be the first derivative of -1/2*j**2 + j - 13. Determine k(y).
-3
Let w be 136/3 - 6/(-9). Let x(y) = -18*y - 27. Let t be x(-4). Let d = t - w. Let j(i) = -3*i**3 + 2*i + 1. Give j(d).
2
Let d(v) = 353*v**3 - 344*v**3 + 7*v + 1 - 5*v. Suppose 4*k = -5*f + 7, -3 = 5*f - k + 5. What is d(f)?
-10
Let y(n) = -3 + 0*n + 37*n - 7*n - 12*n. What is y(-3)?
-57
Suppose 0 = 3*v - 9 + 3, -3*v + 590 = 4*h. Suppose 8*r + 162 = h. Let u(p) = 8*p - 2. Let z(k) = -4*k + 1. Let y(s) = 2*u(s) + 5*z(s). Calculate y(r).
9
Let s(z) = z**2 + z + 2. Let d be s(-2). Let q(r) be the second derivative of -r**4/12 + r**3/6 - 3*r**2/2 + 5035*r. Determine q(d).
-15
Let g(n) be the third derivative of -25*n**4/24 - 7*n**3 + 5*n**2 + 2*n + 634. Calculate g(-3).
33
Suppose -9*s - 16 = -11*s. Let u(n) be the third derivative of n**4/12 - n**3/6 - 4*n**2 - 7*n. Calculate u(s).
15
Suppose 4*b - 422 = -i, -b = -0*i - 5*i - 116. Let g = b - 104. Let m(t) = -t**3 + t**2 - t + 1. Calculate m(g).
-5
Suppose 0 = -r + 2 - 0. Let u(k) be the third derivative of -k**6/120 + k**4/24 - k**3/3 - 2855*k**2. What is u(r)?
-8
Let x(q) be the second derivative of -2*q**4 - q**3/6 - q**2/2 - 956*q + 1. Determine x(-1).
-24
Let d(w) = -19 - 9*w - w**2 + 2*w**2 + 21. Let f be d(9). Let y(r) = -f*r + 7*r**3 - r**2 - 1 - 5*r**3 + 6*r**3. What is y(-1)?
-8
Let v(w) = -w**2 - 18*w - 8. Let j = 20883 + -20901. Calculate v(j).
-8
Let g(y) be the first derivative of y + y**2 + 6 - 1/3*y**3. Let v be ((-4)/14)/((-4)/56). Give g(v).
-7
Let t(w) = 67 - 81*w - 66 + 77*w. Let k be (-57)/(-19)*1/(-3). Let s be ((-9)/(-6))/(k/(-2)). Calculate t(s).
-11
Suppose 2941 - 2660 = -450*w - 6019. Let i(z) = -z**3 - 12*z**2 + 35*z + 94. Calculate i(w).
-4
Let m(g) = -8 + 7*g - 18*g + 37 + 7*g - g. Calculate m(7).
-6
Suppose 3*z = 4*g + 36, 3*z - 3*g + 191 = 218. Suppose -15 = 2*y - 7*y. Let w(f) = 0 - f**y + 2*f**2 - f**2 - 7. What is w(z)?
-7
Let f(g) = -g**3 + 8*g**2 - 10*g + 3. Let x(w) be the third derivative of w**5/60 + 5*w**4/12 + 5*w**3 + 6*w**2. Let h be x(-6). Suppose i = 1 + h. Give f(i).
-18
Let j = 4 - 0. Let z(g) = -3*g**3 + 7*g**2 + 6*g + 8. Let p(x) = 4*x**3 - 9*x**2 - 7*x - 10. Let o(m) = -2*p(m) - 3*z(m). Determine o(j).
-4
Suppose 6*m + 5 = m. Let k(a) = -62*a**2 + 324*a + 23. Let n(s) = 64*s**2 - 351*s - 25. Let t(u) = -13*k(u) - 12*n(u). Calculate t(m).
39
Let k be 13/3 - (-3)/18*-2. Suppose 2*n + k - 2 = 0, 3*v + 3*n = 30. Suppose a - h = -8, 0*a - v = a - 2*h. Let o(i) = i - 4. What is o(a)?
-9
Let v(r) = -14 - 5 + 28 - 37*r - 20*r + 53*r. Determine v(-3).
21
Let w = -6861 - -6840. Let a(l) = -l**3 - 21*l**2 - 40. Give a(w).
-40
Let g = -1288 - -1290. Suppose 3 + 9 = 4*i. Let f(s) = 16 - s**i - 32 + 7 - s - s**g + 8. Determine f(0).
-1
Let h(x) = x + 12. Let f be (-26)/(-6) - (91/21 - 4). Suppose 3*u + 5*g = -20, 42 = -4*u - u - f*g. Determine h(u).
2
Let h(i) = 116*i - 154. Let w(m) = -25*m + 31. Let c(o) = -3*h(o) - 14*w(o). Give c(0).
28
Let q(r) be the first derivative of r**2/2 - 5*r - 1. Suppose -11 - 11 = 11*v. Let y be 10*(-7)/v*(-21)/(-105). What is q(y)?
2
Let b(u) = u**3 + 83*u**2 + 14*u + 29. Let c(j) = -23*j**2 - 4*j - 8. Let l(v) = -5*b(v) - 18*c(v). Calculate l(1).
-5
Let l(a) = 93*a - 725. Let d(r) = -278*r + 2173. Let t(g) = 3*d(g) + 8*l(g). Give t(8).
-1
Let t(n) = -n**2 - n + 2. Let w(o) be the first derivative of 2*o**3 + 15*o**2/2 - 24*o - 67. Let z(p) = -5*t(p) - w(p). Give z(-10).
14
Let x = 8657 - 8662. Let a(f) = 10*f + 2. Calculate a(x).
-48
Let z(a) = 3*a**3 - 6*a**2 - 15*a - 1. Let i(c) = -23*c**3 + 39*c**2 + 106*c + 8. Let n(y) = 2*i(y) + 15*z(y). Calculate n(-10).
-69
Suppose -10 = 5*y - 11*t + 7*t, -4*y - 5*t + 33 = 0. Let u(c) = 5*c + 21. Let n(p) = 7*p + 23. Let z(s) = y*n(s) - 3*u(s). Give z(-8).
-9
Let f(y) = -36*y**3 + 93*y**3 - 16*y**2 + 19*y + 17 - 27*y**3 - 29*y**3 - 5*y**2. Give f(20).
-3
Let m(f) = -f**2 + 5*f + 3. Let s = -918 + 1343. Let p be (-2)/(-9) - s/(-153). Let a be p/(5 - 160/35). Give m(a).
-11
Let f(c) be the second derivative of -c**5/5 - c**4/12 + 7*c**3/6 - 5*c**2/2 - c - 276. Give f(2).
-27
Let z(i) = -27*i + 15. Let r be z(15). Let u = r - -395. Let k(a) = -a**2 + 4*a - 5. Give k(u).
-10
Let q(u) = u**2 + 10*u + 2. Let d be (-15)/((-28)/70 - (-2 - 4/(-40))). Give q(d).
2
Let o(r) = 54*r**2 + 845*r + r**3 - 843*r - 5 - 50*r**2. Determine o(-3).
-2
Let h(v) = -24 - 10*v + 2*v + 4*v - 124 + 38. Determine h(-27).
-2
Let j(v) = 4*v**3 + 4*v**2 + 3*v + 9. Suppose 0 = 3*f + 74 - 65. Let g(p) = -7*p**3 - 9*p**2 - 5*p - 17. Let a(n) = f*g(n) - 5*j(n). Determine a(-7).
6
Let r = 117 + -597. Let s = 481 + r. Let q(w) = 28*w - 1. What is q(s)?
27
Let b(x) = -x**3 - 5*x**2 + 8*x + 9. Let m(s) = -2*s**2 - s. Let p(a) = -a + 7. Let y be p(5). Let v be (1 - y)/((-6)/(-12)). Let n be m(v). What is b(n)?
-3
Let j(i) be the second derivative of i**4/12 - 2*i**3/3 + 5*i**2/2 - 1013*i. Suppose d + 1 = s, -d - 11 = -s + 2*d. Give j(s).
37
Suppose 0*w - 10 = -3*m - 5*w, 3*w = -5*m + 6. Let c be -1 - (0 + 48) - (m + 2). Let s = c + 51. Let q(j) = j**3 - j**2 - j - 1. What is q(s)?
-1
Suppose 3*k - 7*k = 0. Let g(t) = -239 + k*t + 236 - 2*t + 0*t. Calculate g(-2).
1
Let s(m) = 11*m**2 - 31*m + 9. Let o(c) = -29*c + 4 + 52*c - 38*c + 5*c**2. Let a(i) = 13*o(i) - 6*s(i). Calculate a(-8).
6
Let m be 5*-1 - (-8 + 4/7*7). Let z(v) = 25*v + 31. Give z(m).
6
Let o(s) = -s**2 + 13*s - 19. Let q be o(13). Let z = q - -22. Let u(w) = 4*w - z*w + 0 + 6. What is u(-7)?
-1
Let p = -10872 + 10872. Let c(s) be the third derivative of 0*s**3 + 0*s + p + 1/24*s**4 + 22*s**2. Give c(8).
8
Let j(h) be the second derivative of -7*h**3/6 + 81*h**2 + 5878*h. What is j(22)?
8
Let a(b) = -7*b**2 - 17*b + 272. Let f(l) = -6*l**2 - 18*l + 206. Let m(o) = -4*a(o) + 5*f(o). Give m(-3).
-10
Let n(h) = -7*h**2 + 11*h + 125. Let u be n(5). Let y(z) = 7*z**2 - 12*z + 34. What is y(u)?
149
Let m(c) = -c**2 + c - 63. Suppose 0 = 7*d - 0*j + 5*j + 25, 0 = 4*j + 20. Determine m(d).
-63
Let u(k) = -2*k**2 - 13*k + 7. Suppose -421*g - 2441 - 373 = -19*g. Determine u(g).
0
Let l(k) = k**2 - k + 27. Let x be l(15). Let p = x + -241. Let h(y) = y + 1. Give h(p).
-3
Let p(o) be the first derivative of -1/60*o**5 - 12*o**2 + 0*o**4 + 1/6*o**3 - 26 + 0*o - 1/60*o**6. Let f(z) be the second derivative of p(z). Give f(-2).
13
Suppose 64 = 2*q + 4*v, 3*q - 4*q + 4*v = -32. Let i = q - 13. Let j(y) = -4*y**2 + i*y + 4*y**3 - 3*y**3 - 8*y - 10*y. Determine j(2).
-6
Let r be -2 - (-3 - 4237 - (-7 + 5)). Let l(v) = v**2 - 2 + r*v - 4230*v + 1 + 2. What is l(-7)?
8
Let z = -8 - -21. Suppose -z*r = -12*r - 5. Let v(l) = r*l + 47 - l - 42. Calculate v(-4).
-11
Let n(y) be the second derivative of -y**5/20 - 5*y**4/12 - y**3/3 + y**2/2 + y. Let w = 55329 - 55332. Calculate n(w).
-11
Let n